Suppose -9*g = -12*g + 15. What is t(g)?
1
Let j(f) be the first derivative of -f**3/3 - 3*f**2 + f - 48. What is j(-7)?
-6
Suppose x - 5*x + 4 = 0. Let o(g) = 5*g**3 + g. Give o(x).
6
Let k(h) = -h**2 + 3*h + 5. Suppose 0*r = r. Suppose 5*y + 5 = 5*c - r, y = 4. Calculate k(c).
-5
Let j(k) = -3*k**2 - 21*k + 27. Let i(f) = f**2 + 10*f - 13. Let c(g) = 5*i(g) + 2*j(g). Give c(8).
-11
Let y(z) = z**3 + 4*z**2 + 3*z + 4. Let u = 10 + -3. Let j(i) = 2*i**3 + 8*i**2 + 7*i + 8. Let c(w) = u*y(w) - 3*j(w). Calculate c(-4).
4
Let k(m) = -m - 1. Let p = 37 - 34. Calculate k(p).
-4
Let k(d) = -2*d**2 + 0*d**2 + d**2 - 1 + 4*d**3 + d**3 + 2*d. What is k(1)?
5
Let o(a) be the second derivative of -1/2*a**4 - 1/6*a**3 - 3*a + 0 + 2*a**2 + 1/20*a**5. Determine o(6).
-2
Let q(d) be the third derivative of -7*d**6/120 - d**5/30 + d**4/12 - d**3/6 - 25*d**2. Let x be 0 + (2 - 0 - 1). Determine q(x).
-8
Let b(d) = -1 + 6 + d + 3*d. Let s = 5 + -17. Let y = s - -8. Determine b(y).
-11
Suppose 4*o - 2*c - 2 + 4 = 0, 2*o = 2*c. Suppose 4*j - 5*j + 2 = 0. Let r(u) = 3 - 2*u**j - 5*u**3 + u - 2 + 3*u**2. What is r(o)?
6
Let a(g) = g**3 - 6*g**2 + 4*g + 1. Suppose 5*t + 4 = -3*o + 14, t - 4 = -o. Calculate a(o).
-4
Let t(f) = -2*f + 11. Let z be t(4). Let c(v) = v**2 - v - 1. Give c(z).
5
Suppose -4*v - v - 47 = -n, 2*v + 4*n = -32. Let g = v - -25. Suppose -4*i + g = -i. Let y(q) = q - 6. What is y(i)?
-1
Let c(b) = 3*b - 4. Let h be c(5). Suppose -3*t + d = -h, 0*t + t = -5*d - 7. Let j(u) = 0*u**3 - 3*u**t + 2*u**3 - 2 + u. Give j(-2).
4
Let f(k) be the third derivative of k**4/8 + k**3 - 18*k**2. Calculate f(-4).
-6
Suppose 0 = -3*n - 4*a - 8, 4*n - 10 = a + 4*a. Let j be n*(24/(-9) - -3). Let y(u) = -u**2 + 3. Calculate y(j).
3
Let n(z) = z**2 + 3*z - 2. Let g be 50/(-18) + 6/(-27). Let t(v) = v - 1. Let x be t(g). Calculate n(x).
2
Let w(h) = 11*h + 1. Suppose -4*u = -5*x - 0*x - 13, 2 = u. Calculate w(x).
-10
Let w(y) = y**2 - 3*y - 2. Suppose -3*o + z = -5, -4*z + 10 = 4*o - 2. Calculate w(o).
-4
Let a = 5 - 3. Let g be (5/(-2))/(a/(-4)). Let i(u) = -u**2 - 8*u - 1. Let c(t) = -t**2 - t - 1. Let s(y) = 2*c(y) - i(y). Calculate s(g).
4
Let p(u) be the third derivative of -u**5/60 - 7*u**4/24 + 3*u**3/2 - 9*u**2. What is p(-7)?
9
Suppose 0 = -3*c - 2*s - 38, 5*s - 5 + 15 = c. Let q = -6 - c. Suppose -2*i = 5*a - 3*i - 12, 2*a + 4 = -q*i. Let l(p) = p. Determine l(a).
2
Let k be (-1)/(-3) - (-2)/(-6). Suppose 3*r + 0*r + 27 = k. Let d be r*(-1 - 4/(-6)). Let g(u) = -u**2 + 6*u - 2. What is g(d)?
7
Let n(a) be the second derivative of a**3/6 - 9*a**2/2 - 9*a. What is n(8)?
-1
Let k(u) = 3*u - 4. Let m be (-12 - -8)/((-8)/6). Calculate k(m).
5
Let w(j) = -14*j - 11. Let u(r) = 5*r + 4. Let o(a) = 11*u(a) + 4*w(a). Suppose 3*h - 8*h = 20. Calculate o(h).
4
Let w(o) = o. Let y = 2 + -3. Suppose 2*b + 3*g = -0 - 14, 0 = -g - 2. Let p be (y - 7)/(-6 - b). Give w(p).
4
Suppose -5*g + 22 = -x, -20 = -5*g + g. Let m = 8 - x. Let h(o) be the third derivative of o**4/24 - o**3/2 + o**2. Give h(m).
2
Let l(i) = -8*i + 9. Let u be l(2). Let f(s) = -s**3 - 8*s**2 - 6*s + 10. Give f(u).
3
Let c = 49 - 47. Let f(t) = -t**3 + 3*t**2 - 2*t - 2. What is f(c)?
-2
Let j(f) = f**3 - 3*f**2 - 4*f - 3. Let y(m) = m + 3. Let i be y(11). Suppose -2 = -4*n + i. Give j(n).
-3
Let v = 40 - 46. Let d(o) = o**3 + 6*o**2 + 4*o + 7. What is d(v)?
-17
Let n(o) = -7*o**3 - o**2 + 2*o**3 + 7 - 6*o**3 + 10*o**3. Determine n(0).
7
Let r be 4/(-3) + (-2)/3. Let v(g) be the first derivative of g**4/4 - 2*g**3/3 - g**2 + 2*g + 1. Calculate v(r).
-10
Let m(x) be the third derivative of 0*x + 1/6*x**3 - 2*x**2 + 0 + 1/24*x**4 + 1/60*x**5. Calculate m(0).
1
Let y(f) = -4*f + 6. Suppose 2*x = 3*g + 21 + 12, -5*x + 130 = 2*g. Let m = 35 - x. Let d = m - 7. Calculate y(d).
-10
Let c(i) = -i**3 - 5*i**2 + 2*i. Let d(y) = -2*y + 13. Let h(a) be the first derivative of 2*a**4 + a + 2. Let f be h(1). Let p be d(f). What is c(p)?
-10
Let i(t) = -48*t**2 + 50*t**2 - t**3 + 1 + 1 + 3*t**3. Suppose 4*v = 2*p + 18, -5*p - 6 = -2*v - p. Suppose 2*o - 1 + v = 0. What is i(o)?
-6
Let r(c) = 2*c**3 + 12*c**2 - 5*c - 5. Let s(y) = -y**3 - 11*y**2 + 3*y + 6. Let h(q) = -2*r(q) - 3*s(q). Give h(9).
1
Let n(x) be the first derivative of x**3/3 + 3*x**2/2 - 7*x - 1. Let p(f) = -f**3 - 3*f**2 + 3*f - 1. Let w be p(-3). Let z be (-1)/(2/w*-1). What is n(z)?
3
Let m be 3/(-2) - (-42)/(-12). Let h(z) = z + 4. Give h(m).
-1
Let l(w) be the third derivative of -w**4/24 + w**3 - 3*w**2. Determine l(0).
6
Suppose 4*x + 24 = h - x, 0 = -4*h - x + 12. Suppose 4 = 2*o, -4*o + h = 4*z - 2*z. Let d(s) = -3*s - 2. Give d(z).
4
Suppose 14 + 2 = -4*z, -2*r - z - 8 = 0. Let k be ((-11)/(-4) + r)*4. Suppose 0 = -0*o - 2*o + 2*y, -2*y = -k*o. Let n(v) = v. Give n(o).
0
Let u = 16 + 6. Let w = -11 + u. Let y = -8 + w. Let c(t) = t**3 - 5*t**2 + 5*t - 3. What is c(y)?
-6
Let t(v) = v**2 - 4*v - 3. Let d(p) be the first derivative of p**3/3 + p**2 - 3*p - 1. Let h be d(2). Give t(h).
2
Let a(d) = -d - 6. Let s(j) = j**3 + 4*j**2 - 4*j. Let f be 0 + -10 + (-2 - -3). Let v be 47/(-9) - 2/f. Let x be s(v). Give a(x).
-1
Let h(l) = l**3 - 3*l**2 - 5*l + 2. Suppose 2*u - 12 = -4*n + 5*n, 2*n = -4*u + 16. Suppose 4*v - 25 = -u*z - v, 9 = 3*v. Let c = z - -2. Calculate h(c).
-2
Let g(m) be the second derivative of -5*m**3/3 + 2*m**2 + m. Let y(z) = -z - 5*z + 4*z + 1. Let t(k) = 3*g(k) - 14*y(k). Give t(-2).
2
Let h(v) = 0*v**3 - v - 8 - 2*v**3 + 3*v**3. Let f(i) = 2*i + 6. Let l be f(-3). Calculate h(l).
-8
Let k be 1/(0 - 0 - -1). Let r(n) = -6 - 1 + n**2 + 1 - k. What is r(0)?
-7
Let l(i) = i**2 - 3*i - 4. Let a be l(3). Let h(k) = 3*k + 3. Determine h(a).
-9
Let w(v) = -2*v + 1. Let i(f) = f - 1. Let z be i(0). Calculate w(z).
3
Let g(w) = -7*w - 4 - w**3 + 3*w + 0*w**3 + w**2. Let x(a) = -a**3 - 5*a - 5. Let h(d) = 3*g(d) - 2*x(d). What is h(2)?
-2
Suppose 25 = -2*c + 6*n - n, 0 = -5*c - n + 5. Suppose c*l = 2*l - 6. Let z = l + -4. Let a(h) = -7*h**2 - 1. Calculate a(z).
-8
Let m(z) = z**3 + 5*z**2 + z - 2. Suppose -3*o - 7 = 8. Give m(o).
-7
Let d = 9 + -5. Let y(t) be the first derivative of -t**2 - 3*t + 21. Calculate y(d).
-11
Let n = 31 - -34. Let i(g) = 2 + n*g - 63*g - 2. Calculate i(-1).
-2
Let c(n) = -n**2 + 2. Suppose 2*y - 4*y = d - 8, y = d - 2. Give c(y).
-2
Let w(j) = -j**3 - j**2 + 10*j - 7. Let a(o) = o**3 - 10*o + 7. Let d(h) = 5*a(h) + 4*w(h). Determine d(6).
19
Let h(y) be the first derivative of y**3/3 + 5*y**2/2 + 6*y - 3. Let k be (1 - -6) + -2 + -1. Suppose -5*o = -5*n + 30, 0 + k = o + 4*n. Determine h(o).
2
Let g(i) be the first derivative of -i**3 + i**2 + i - 18. Determine g(2).
-7
Let x be -3*(0 + 15/(-9)). Let q(u) be the first derivative of x*u - 1/2*u**2 - 1. What is q(4)?
1
Let w(x) = x**2 - 4*x + 1. Let j(k) = -2*k**2 + k - 1. Let l be j(2). Let o(s) = -s - 2. Let c be o(l). Let a(n) = n. Let g be a(c). Determine w(g).
6
Let a(p) = -38*p**2 + 72*p**2 - p + 0 - 2 - 35*p**2. Give a(0).
-2
Let i(b) = -14*b + 1. Let z(a) = 9*a - 1. Let n(d) = -5*i(d) - 8*z(d). Give n(2).
-1
Let y be ((-4)/(-6))/((-6)/(-27)). Suppose -2*o = 1 + y. Let n(p) = -4*p**2 - 3*p**3 + 2 - 3*p**3 + 4*p**3 - 2*p. Determine n(o).
6
Let v(b) = 4*b**3 - 3*b**2 + 4*b - 3. Let t be v(2). Suppose 0 + t = 5*m. Let w(n) = -n**3 + 4*n**2 + 5*n + 4. Calculate w(m).
4
Let l(i) = 2*i**2 + 2*i - 3. Let p be 18/4*(-40)/60. What is l(p)?
9
Let y(n) = n**3 - 2*n**2. Suppose -2 = -4*q - 5*t, 0*q = 2*q + t - 4. Let w be -1 + -1 + (q - 0). Determine y(w).
-1
Let a(d) be the first derivative of 1 + 1/3*d**3 + 1/360*d**6 + 0*d**2 + 0*d + 1/60*d**5 - 1/12*d**4. Let m(r) be the third derivative of a(r). What is m(-4)?
6
Suppose 0 = -20*x + 15*x + 25. Let j(i) be the third derivative of 7/6*i**3 + 1/60*i**x + 1/4*i**4 + 0*i + 3*i**2 + 0. What is j(-5)?
2
Let t(r) be the first derivative of -2*r**2 - 2 - 1/3*r**3 - 3*r. Suppose 6 = 3*o - 3*q + 30, 0 = -4*o - q - 7. Calculate t(o).
0
Let f = 26 - 24. Let o(z) be the second derivative of -2*z**f + 0 - 1/12*z**4 - 2/3*z**3 + z. Calculate o(-4).
-4
Let v be (-7)/(-2) + 22/(-44). Let t(a) = 4*a - 1. Give t(v).
11
Let t = -13 - -7. Let g be -2 + 3/(t/(-10)). Let p(f) = -f**2 + 4 + 2*f + 3*f**g - 4*f**3 - 2*f**2. What is p